235523 + 4?
235527
In base 2, what is 10 + 1000011100011010?
1000011100011100
In base 15, what is 5 - 2b670?
-2b66a
In base 5, what is -12224033 - -3?
-12224030
In base 10, what is 888 - 37?
851
In base 6, what is -35311334 - 3?
-35311341
In base 13, what is -4 + a66?
a62
In base 16, what is 8e53 - -4b?
8e9e
In base 9, what is -4 + 151784?
151780
In base 2, what is -1101 + -10010000110010?
-10010000111111
In base 13, what is -1 - 1102ac?
-1102b0
In base 16, what is 5 + a382?
a387
In base 10, what is -4660 - 273?
-4933
In base 11, what is -2 + -6177?
-6179
In base 12, what is -b2 - 2394?
-2486
In base 15, what is -4 + 5250d?
52509
In base 16, what is 7 - 1bc69?
-1bc62
In base 12, what is -10 - -22a0?
2290
In base 7, what is -144 - 2050?
-2224
In base 7, what is 1221 + 1?
1222
In base 11, what is 62 + -334?
-282
In base 11, what is -964 + 1809?
955
In base 4, what is 1002331300 + -10?
1002331230
In base 4, what is -30330302 - 11?
-30330313
In base 16, what is 579d + 12?
57af
In base 15, what is 21c - -423?
640
In base 16, what is 3e8ff + 2?
3e901
In base 11, what is -54 + -2247?
-22a0
In base 2, what is -1001011010000 - -11?
-1001011001101
In base 3, what is -1211 - 102210102?
-102212020
In base 4, what is 0 - -111030332?
111030332
In base 2, what is -1100011 - 111010110?
-1000111001
In base 2, what is -111111000 + -1001?
-1000000001
In base 14, what is -96 + -4ab3?
-4b69
In base 4, what is 1 - 122100123?
-122100122
In base 8, what is -17 - 207632?
-207651
In base 8, what is 137 + -3626?
-3467
In base 16, what is -69f + 62?
-63d
In base 3, what is 20 + -1012222110?
-1012222020
In base 10, what is -13 - -1244?
1231
In base 2, what is 100 + -1011011010111000100?
-1011011010111000000
In base 6, what is 102 + 43431?
43533
In base 12, what is 254 - -490?
724
In base 13, what is -1 + -23cc?
-2400
In base 12, what is 5 + -747548?
-747543
In base 4, what is -2113001111 + -1?
-2113001112
In base 6, what is 0 + 1455?
1455
In base 12, what is -3b + -381?
-400
In base 16, what is -1 - 94cd?
-94ce
In base 14, what is -866 - 775?
-11db
In base 9, what is 123 + 768?
1002
In base 12, what is -8 - 1081?
-1089
In base 13, what is -12461 + 12?
-1244c
In base 2, what is -111100 + 110001110?
101010010
In base 10, what is 8 - -1222?
1230
In base 4, what is -313 - 11?
-330
In base 8, what is 1222 + 6740?
10162
In base 7, what is 0 + 1054226?
1054226
In base 3, what is -1201101100 - -1000?
-1201100100
In base 15, what is 7 - 21b9?
-21b2
In base 16, what is 0 + -2cf7a?
-2cf7a
In base 14, what is -6d93d + -4?
-6d943
In base 16, what is 4 + 47b81?
47b85
In base 12, what is -51 + 39?
-14
In base 2, what is 1000000001111101 + 1100000?
1000000011011101
In base 5, what is -1433 - 13013?
-20001
In base 15, what is -70207 + 12?
-701e5
In base 15, what is 41021 + -2?
4101e
In base 16, what is -62464 + 0?
-62464
In base 7, what is 0 + 1052602?
1052602
In base 5, what is -1143 - 23201?
-24344
In base 5, what is 42303432 + 13?
42304000
In base 12, what is 9306 - -1?
9307
In base 8, what is 5 - -23544?
23551
In base 13, what is -165 - 59?
-1c1
In base 8, what is 63 - -3140?
3223
In base 7, what is 31043451 + -5?
31043443
In base 9, what is -1135551 - 4?
-1135555
In base 14, what is -1c87 - b?
-1c94
In base 13, what is 572 + 1b?
590
In base 14, what is -65 - -17b?
116
In base 5, what is 3401 + 3233?
12134
In base 5, what is -400212 - -14?
-400143
In base 8, what is -21427222 + 3?
-21427217
In base 6, what is -311525320 + -5?
-311525325
In base 8, what is -10 + -1714?
-1724
In base 5, what is 4 - 2413001?
-2412442
In base 3, what is -121212 - -1211?
-120001
In base 14, what is -973ad8 - 1?
-973ad9
In base 14, what is 9b - -26?
c3
In base 3, what is -10 - 20021121?
-20021201
In base 7, what is -10116 - 130?
-10246
In base 14, what is 2c2 - -43?
325
In base 14, what is -55 - -75?
20
In base 5, what is -201 + 3411?
3210
In base 8, what is -117 + -11?
-130
In base 15, what is -6ebb4 + 7?
-6ebac
In base 15, what is -3b + 13b9?
137d
In base 14, what is -116659 - 4?
-11665d
In base 9, what is -3 + 226375?
226372
In base 14, what is 9c25b + -4?
9c257
In base 7, what is 2 - 4334463?
-4334461
In base 9, what is 5 + 31021?
31026
In base 13, what is a755 + -4?
a751
In base 13, what is 19aa6 + 0?
19aa6
In base 16, what is -2 - -16f6d?
16f6b
In base 11, what is a3a + -52?
998
In base 4, what is 0 - 231010?
-231010
In base 6, what is -2 + 1015121?
1015115
In base 7, what is 401115 + 0?
401115
In base 5, what is -121330 - 3314?
-130144
In base 16, what is dcca + -1?
dcc9
In base 8, what is -17265 - 24?
-17311
In base 16, what is 5 + -2f21?
-2f1c
In base 6, what is 1024 - -331?
1355
In base 3, what is 1022202 - -212?
1100121
In base 4, what is -31311 - -111?
-31200
In base 2, what is 111100000 + 1011000?
1000111000
In base 9, what is 2 - 200055?
-200053
In base 9, what is -415 + 5200?
4674
In base 14, what is -23c6 - 198?
-2580
In base 3, what is 1 - 10202201210?
-10202201202
In base 10, what is -30443 + 20?
-30423
In base 5, what is -42320 - 4424?
-102244
In base 2, what is -1 - 10100010010110110000?
-10100010010110110001
In base 13, what is 4 + -10028c?
-100288
In base 5, what is 231342112 + 2?
231342114
In base 8, what is 125 + -13066?
-12741
In base 12, what is -1bb2 + a?
-1ba4
In base 6, what is 2 + -150043?
-150041
In base 8, what is 333 + 1567?
2122
In base 4, what is -2032 - 22133210?
-22201302
In base 15, what is -114db2 + 3?
-114dae
In base 13, what is -5547 - -12?
-5535
In base 3, what is -2202021020 + 2?
-2202021011
In base 3, what is -121 - -10021120022?
10021112201
In base 9, what is -1 - 2767?
-2768
In base 5, what is -1 + 123231411?
123231410
In base 12, what is -7 - 10616?
-10621
In base 7, what is -1 + -1206564?
-1206565
In base 11, what is 4 + -76aa?
-76a6
In base 9, what is 1074 - -3360?
4444
In base 13, what is 1b7a + -6a0?
14aa
In base 8, what is 7365 + -5?
7360
In base 11, what is -2 + -1636?
-1638
In base 13, what is 170a428 + 4?
170a42c
In base 7, what is 100 - -1456?
1556
In base 9, what is -268063 + 15?
-268047
In base 13, what is -838 - -30?
-808
In base 11, what is -3367 - 81?
-3438
In base 4, what is 2013112 - 202?
2012310
In base 7, what is 3056 + 600?
3656
In base 11, what is 539 - 77a?
-241
In base 13, what is 7c36 - 6?
7c30
In base 4, what is 0 - -3310022?
3310022
In base 6, what is -42345 + 125?
-42220
In base 3, what is 1202101 - -110022?
2012200
In base 4, what is 11 + 203022?
203033
In base 9, what is 72 - 3476?
-3404
In base 2, what is 111000100101 - -1101101?
111010010010
In base 16, what is c0a - 1b?
bef
In base 10, what is -29364 - 0?
-29364
In base 4, what is 213031 - -1?
213032
In base 10, what is 5992 - -71?
6063
In base 2, what is 111110001110001101 + 1111?
111110001110011100
In base 16, what is f + 3ee?
3fd
In base 9, what is -12084 + -1?
-12085
In base 7, what is 10500060 - 3?
10500054
In base 6, what is -5 - -200311?
200302
In base 16, what is -15cc + -3?
-15cf
In base 2, what is 101010 + -100011100000111?
-100011011011101
In base 13, what is -2b1 + 253?
-5b
In base 6, what is -112140 - -230?
-111510
In base 2, what is -110000101 + 1001001?
-100111100
In base 14, what is 3 - b5c63?
-b5c60
In base 9, what is -38 - 871?
-1020
In base 15, what is 14 + -e24?
-e10
In base 9, what is -145322 + 0?
-145322
In base 16, what is be5 - 141?
aa4
In base 3, what is 0 + 101221221220?
101221221220
In base 14, what is 0 + -862?
-862
In base 7, what is -1554 + 11?
-1543
In base 10, what is 4 - -82038?
82042
In base 16, what is 273 - 4e?
225
In base 15, what is 1dd0e - 4?
1dd0a
In base 8, what is -5631 + -430?
-6261
In base 8, what is -5275236 - -5?
-5275231
In base 3, what is 0 + -211221022?
-211221022
In base 13, what is -1081 - -16a?
-c14
In base 7, what is 340522 - -2?
340524
In base 13, what is -16 + 801?
7b8
In base 9, what is -508 - 182?
-701
In base 11, what is -501 + -8289?
-878a
In base 15, what is 5 - 216d?
-2168
In base 6, what is 154 + 503?
1101
In base 5, what is 2012001 - -123?
2012124
In base 13, what is 8b1 + 35b?
c3c
In base 13, what is 10a1 - 144?
c5a
In base 16, what is 137f3 - 2?
137f1
In base 14, what is -b - 8a77?
-8a84
In base 10, what is -3939 - -80?
-3859
In base 6, what is 55 - -2434?
2533
In base 12, what is 8a5183 + 0?
8a5183
In base 12, 